
What is the hundreds digit of 774969?
9
What is the ten thousands digit of 24924034?
2
What is the millions digit of 26034768?
6
What is the millions digit of 4915293?
4
What is the hundred thousands digit of 5123032?
1
What is the thousands digit of 930737?
0
What is the ten thousands digit of 29684669?
8
What is the hundreds digit of 8686975?
9
What is the hundreds digit of 1811829?
8
What is the tens digit of 8636087?
8
What is the hundreds digit of 3015010?
0
What is the ten thousands digit of 3852593?
5
What is the ten thousands digit of 593068?
9
What is the tens digit of 137534?
3
What is the ten thousands digit of 11547122?
4
What is the tens digit of 335483?
8
What is the hundreds digit of 995350?
3
What is the thousands digit of 1947787?
7
What is the hundreds digit of 1500866?
8
What is the hundred thousands digit of 249076?
2
What is the ten thousands digit of 7789230?
8
What is the hundred thousands digit of 1912884?
9
What is the thousands digit of 11041739?
1
What is the hundred thousands digit of 467222?
4
What is the hundreds digit of 127184?
1
What is the thousands digit of 14886105?
6
What is the tens digit of 550649?
4
What is the ten thousands digit of 481313?
8
What is the ten millions digit of 16737918?
1
What is the hundreds digit of 99064?
0
What is the millions digit of 2024792?
2
What is the ten thousands digit of 908559?
0
What is the ten thousands digit of 40035?
4
What is the ten thousands digit of 9613960?
1
What is the hundreds digit of 1956231?
2
What is the tens digit of 17828018?
1
What is the ten thousands digit of 53359?
5
What is the millions digit of 2222551?
2
What is the tens digit of 2942029?
2
What is the thousands digit of 570407?
0
What is the tens digit of 1626061?
6
What is the ten thousands digit of 7683956?
8
What is the units digit of 1579027?
7
What is the hundreds digit of 46465?
4
What is the units digit of 873404?
4
What is the tens digit of 2866541?
4
What is the millions digit of 4555314?
4
What is the hundred thousands digit of 101344?
1
What is the hundred thousands digit of 843555?
8
What is the hundred thousands digit of 899783?
8
What is the ten thousands digit of 139157?
3
What is the hundred thousands digit of 3378792?
3
What is the hundreds digit of 1892992?
9
What is the hundred thousands digit of 297037?
2
What is the hundreds digit of 173688?
6
What is the units digit of 1331071?
1
What is the hundred thousands digit of 1078726?
0
What is the tens digit of 2306908?
0
What is the hundreds digit of 2489651?
6
What is the ten thousands digit of 837381?
3
What is the thousands digit of 7016815?
6
What is the hundreds digit of 5233543?
5
What is the ten thousands digit of 11505851?
0
What is the hundreds digit of 185532?
5
What is the thousands digit of 2162222?
2
What is the units digit of 152409?
9
What is the hundreds digit of 1370190?
1
What is the units digit of 2383275?
5
What is the millions digit of 2621983?
2
What is the units digit of 302098?
8
What is the units digit of 2495398?
8
What is the thousands digit of 702611?
2
What is the units digit of 75375?
5
What is the hundred thousands digit of 539209?
5
What is the thousands digit of 341811?
1
What is the thousands digit of 12962916?
2
What is the millions digit of 4837288?
4
What is the hundreds digit of 75639?
6
What is the hundreds digit of 232678?
6
What is the ten thousands digit of 2649710?
4
What is the hundreds digit of 687189?
1
What is the tens digit of 306667?
6
What is the ten thousands digit of 118480?
1
What is the hundreds digit of 8033230?
2
What is the hundred thousands digit of 565044?
5
What is the units digit of 1639952?
2
What is the hundred thousands digit of 18396665?
3
What is the hundred thousands digit of 550141?
5
What is the millions digit of 31352164?
1
What is the tens digit of 6045566?
6
What is the hundred thousands digit of 1970743?
9
What is the hundreds digit of 28240811?
8
What is the hundreds digit of 5277649?
6
What is the hundreds digit of 150674?
6
What is the ten thousands digit of 25310522?
1
What is the thousands digit of 92142?
2
What is the tens digit of 17188725?
2
What is the ten thousands digit of 2740630?
4
What is the thousands digit of 1015372?
5
What is the thousands digit of 14650158?
0
What is the tens digit of 140703?
0
What is the hundred thousands digit of 174589?
1
What is the units digit of 135841?
1
What is the tens digit of 821167?
6
What is the tens digit of 4526100?
0
What is the ten thousands digit of 1730089?
3
What is the units digit of 364542?
2
What is the hundred thousands digit of 672475?
6
What is the units digit of 90609?
9
What is the tens digit of 1862427?
2
What is the units digit of 258360?
0
What is the hundred thousands digit of 7055532?
0
What is the ten thousands digit of 73737?
7
What is the hundred thousands digit of 268814?
2
What is the hundred thousands digit of 316634?
3
What is the tens digit of 27540214?
1
What is the ten millions digit of 17752869?
1
What is the units digit of 299535?
5
What is the hundred thousands digit of 294449?
2
What is the millions digit of 18390130?
8
What is the hundred thousands digit of 7255929?
2
What is the hundreds digit of 529708?
7
What is the millions digit of 1125204?
1
What is the thousands digit of 189768?
9
What is the thousands digit of 1311?
1
What is the units digit of 208499?
9
What is the millions digit of 9925301?
9
What is the thousands digit of 4280539?
0
What is the thousands digit of 22531687?
1
What is the ten thousands digit of 485809?
8
What is the tens digit of 206082?
8
What is the units digit of 2233488?
8
What is the millions digit of 4063743?
4
What is the thousands digit of 548909?
8
What is the thousands digit of 1908141?
8
What is the ten thousands digit of 51361?
5
What is the thousands digit of 207014?
7
What is the thousands digit of 1825730?
5
What is the hundred thousands digit of 1280233?
2
What is the tens digit of 433002?
0
What is the tens digit of 580429?
2
What is the ten thousands digit of 2696194?
9
What is the tens digit of 19041978?
7
What is the hundred thousands digit of 150383?
1
What is the tens digit of 3012321?
2
What is the hundred thousands digit of 2640412?
6
What is the thousands digit of 175220?
5
What is the units digit of 13286221?
1
What is the tens digit of 1635973?
7
What is the millions digit of 16605159?
6
What is the hundreds digit of 546972?
9
What is the units digit of 78322?
2
What is the tens digit of 164020?
2
What is the hundred thousands digit of 1507303?
5
What is the thousands digit of 2722889?
2
What is the thousands digit of 497157?
7
What is the tens digit of 23681?
8
What is the units digit of 3291473?
3
What is the ten thousands digit of 464607?
6
What is the thousands digit of 179326?
9
What is the hundreds digit of 6048828?
8
What is the millions digit of 2848961?
2
What is the millions digit of 6746376?
6
What is the hundreds digit of 15236?
2
What is the ten thousands digit of 129429?
2
What is the thousands digit of 4361779?
1
What is the ten thousands digit of 1280381?
8
What is the millions digit of 1410668?
1
What is the thousands digit of 303108?
3
What is the tens digit of 3112672?
7
What is the tens digit of 14655215?
1
What is the hundreds digit of 689693?
6
What is the tens digit of 10667142?
4
What is the ten thousands digit of 153727?
5
What is the ten thousands digit of 304024?
0
What is the ten thousands digit of 213225?
1
What is the units digit of 344111?
1
What is the millions digit of 1607852?
1
What is the tens digit of 9661892?
9
What is the thousands digit of 14268488?
8
What is the units digit of 18119404?
4
What is the thousands digit of 449376?
9
What is the hundred thousands digit of 2312824?
3
What is the hundred thousands digit of 1318417?
3
What is the tens digit of 198885?
8
What is the hundred thousands digit of 2158148?
1
What is the thousands digit of 87583?
7
What is the thousands digit of 78891?
8
What is the ten millions digit of 15045788?
1
What is the units digit of 318694?
4
What is the units digit of 2554647?
7
What is the thousands digit of 618743?
8
What is the thousands digit of 1349373?
9
What is the hundreds digit of 1862881?
8
What is the millions digit of 3623914?
3
What is 